-2)/8)/(-3*g/204). What is the greatest common factor of v and 153?
17
Suppose -3*s - 181 = -685. Let w = 570 - 549. Calculate the highest common factor of s and w.
21
Suppose -13294 - 14546 = -29*u. Calculate the highest common divisor of 60 and u.
60
Let m be ((-90)/40)/((-8)/3072). What is the greatest common divisor of 192 and m?
96
Suppose 0 = -42*h + 69*h - 189. What is the greatest common divisor of h and 7?
7
Suppose 0 = 9*d - 66 - 24. Calculate the highest common factor of 90 and d.
10
Suppose -554 - 276 = -2*r. What is the highest common divisor of 83 and r?
83
Let i(b) = b**3 + b**2 + b + 18. Let g be i(0). What is the highest common divisor of 2 and g?
2
Let s = -90 - -278. Suppose 196 = -3*a + l, -3*a + 7*l = 2*l + s. Let d be -3*(-4)/(-12) - a. Calculate the highest common factor of d and 13.
13
Let c be 7*12/8*(-160)/(-14). Calculate the highest common divisor of 24 and c.
24
Let p = -966 + 1568. Calculate the highest common factor of 14 and p.
14
Suppose 6*p + 18 + 24 = 0. Let n be 20/p*7/(-2). Calculate the highest common factor of 80 and n.
10
Suppose 3*n = 2*n + 2. Let r be (-5*3/(-15))/(6 - 5). Calculate the greatest common factor of n and r.
1
Suppose -5*b = 4*v - 55, 2*v - 4*b - 19 = v. Calculate the greatest common divisor of v and 10.
5
Let h be 1 + 3 + (-3402)/(-7). Calculate the highest common factor of h and 10.
10
Suppose 3*r - 2*k - 184 = 0, 5*k - 1 = 2*r - 120. Suppose -5*c + 371 = -94. What is the highest common factor of r and c?
31
Suppose -606 = 17*s - 2697. What is the greatest common divisor of s and 451?
41
Let q(r) = 4*r + 16. Let p be q(-8). Let z be (6 + (-27)/12)*p/(-6). What is the highest common divisor of z and 2?
2
Let w(t) = 3*t + 2. Let u be w(0). Let o be (1 - u)*(-129 - -14). Calculate the highest common divisor of o and 23.
23
Suppose o + 136 + 9 = 4*s, 31 = s + 5*o. Let b(m) = -m + 10. Let i be b(8). Let w be ((-108)/(-10))/(i/10). Calculate the highest common factor of s and w.
18
Let q = 4 - 9. Let j be (-1 - 0)*(2 + q). Suppose -j*c + 4*h = 5, -4*h = -2*c - 2*h. Calculate the highest common factor of 35 and c.
5
Suppose 3 = 7*n - 6*n. Let x be (-2 - (-6)/4)/((-13)/234). Calculate the greatest common divisor of n and x.
3
Suppose -3*q + 17 = 4*h, 4*h + 9 = 4*q - 23. What is the highest common divisor of q and 350?
7
Suppose -k - 2 = 3, 4*k = -3*u - 38. Let w = u - -4. Let p be w + (0 - (2 - 52)). What is the greatest common divisor of 12 and p?
12
Let d = -9 + -20. Let w = d - -33. Suppose 5*n - 10 = 30. Calculate the highest common factor of n and w.
4
Let w(a) = -16*a**3 + 3*a**2 + 4*a + 2. Let t be w(-2). Let g = t - 78. Calculate the highest common factor of g and 84.
28
Let s(p) = 3*p + 25. Let j be s(8). Let i = 494 - 249. What is the greatest common divisor of i and j?
49
Let k(p) = 3*p - 1. Let a be 2*8 + (-3)/3. Let t be k(a). Let o be ((-17)/4)/((-1)/t). What is the greatest common factor of o and 17?
17
Let y(q) = -6*q**3 + 3*q + 3. Let x(n) = -3*n**2 + 2*n - 1. Let a be x(1). Let j be y(a). What is the highest common factor of 225 and j?
45
Let i(q) = -3*q + 160. Let g be i(-9). What is the highest common divisor of g and 85?
17
Suppose -82 = -4*x + 42. Let c = x + -26. Let a(o) = -17*o + 1. Let i be a(-2). What is the highest common divisor of c and i?
5
Suppose -2*m - 6 = 0, 0 = 10*i - 8*i - 3*m - 53. What is the greatest common divisor of i and 33?
11
Suppose 28*w = 30*w - 10. Suppose 0 = -5*f + 15, 5*t - t + w*f - 87 = 0. Calculate the greatest common divisor of 198 and t.
18
Let m(c) = 2*c - 3*c + 14 - 9*c - c**2 + 0. Let v be m(-10). Let z be 240/84*v/4. What is the greatest common factor of z and 20?
10
Suppose 2*w + 4*x - 616 = -2*w, -571 = -4*w + 5*x. Let f = -184 + 187. Suppose -w - 31 = -f*k. What is the highest common divisor of 15 and k?
15
Suppose 6*o = -o + 35. Suppose b + 19 + 176 = 4*v, -5*v + 265 = 3*b. What is the greatest common divisor of v and o?
5
Let q(j) = 29*j**2 + 4*j + 7. Let d = 73 - 76. Let h be q(d). Let s = 35 + -3. What is the greatest common divisor of s and h?
32
Suppose 3*n - 5*q - 2780 = 0, 0 = 5*n + 5*q - 10*q - 4630. What is the greatest common divisor of n and 37?
37
Suppose 12 - 22 = -5*u, 0 = 4*c - 4*u - 80. Calculate the highest common divisor of c and 539.
11
Suppose -3*i + 7*i - 72 = 0. Suppose i - 78 = -2*d. Suppose 3*q + 38 = 5*u, -3*u + u + q = -16. What is the greatest common factor of u and d?
10
Let q = 248 + -145. What is the greatest common factor of 206 and q?
103
Let m be (-335)/25*-2 - (-9)/45. What is the highest common divisor of m and 18?
9
Let k be (3010/30 - 3)*15. What is the greatest common divisor of 40 and k?
20
Let z(j) = -7*j - 2. Let x be z(-2). Let m be (-4)/18 - 5170/(-423). Calculate the greatest common factor of x and m.
12
Let o = -1435 + 1471. Let l be (1 - -1)/((-2)/(-4)). What is the highest common factor of o and l?
4
Suppose 26 + 7 = 3*f. Let m(o) = o + 21. Let h be m(-16). Let n be 275*(22/h + -4). What is the highest common divisor of n and f?
11
Let z be -11 - -79 - (-1 + 1). What is the highest common factor of z and 204?
68
Let d be -264 - (-12)/((-12)/(-4)). Let c = -52 - d. Let m(k) = k**3 - k**2 + k + 26. Let a be m(0). What is the greatest common factor of a and c?
26
Let d be 15/(-25) - (-2)/(-5). Let n be -2 - (3 + 88/(-2)). Let j be n/12 + d/4. What is the greatest common divisor of 3 and j?
3
Let c(g) = 44*g + 329. Let w be c(-7). What is the greatest common factor of 3 and w?
3
Suppose -4*s = -s + s. Suppose s = -5*j + 1415 - 185. Calculate the highest common factor of 41 and j.
41
Let r(c) = 2*c**2 - c. Let y = 7 - 15. Let u be r(y). What is the highest common divisor of 34 and u?
34
Let o(z) = -z**2 + 8*z + 12. Let i be o(10). Let y be (-98)/(-4) + 4/i. Suppose 5*t - 69 = -y. Calculate the highest common factor of t and 6.
3
Let b(l) = l + 10. Let t be b(-1). Calculate the highest common divisor of 48 and t.
3
Let v be 5/(-4) + (-26607)/(-28). What is the greatest common divisor of 13 and v?
13
Suppose -2*v = -30*k + 29*k + 282, -3*k - 2*v + 878 = 0. Calculate the greatest common factor of 232 and k.
58
Let f(y) = 2*y**2 + 2*y - 160. Let n be f(10). Calculate the greatest common divisor of 760 and n.
20
Suppose 0 = -2*t - 2*l + 60, 62 - 192 = -4*t - 2*l. Suppose -5*c = -3*a - 1234, c + 71*a - 248 = 72*a. Calculate the highest common divisor of t and c.
35
Suppose 3*o - 160 = -5*g + 17, 0 = 5*o + 5*g - 305. Let b = 114 - o. What is the greatest common factor of 125 and b?
25
Suppose 164*s - 13024 = 916. What is the greatest common factor of s and 51?
17
Let n(b) = -2*b + 36. Let c = -6 - -6. Let h be n(c). Let j(i) = i**2 + 10*i - 27. Let t be j(-13). What is the greatest common factor of h and t?
12
Let y(q) = -19*q + 416. Let u be y(20). What is the highest common divisor of u and 81?
9
Let f(s) = -s**2 + s + 15. Let q(l) = -1. Let g(u) = f(u) + 3*q(u). Let h be g(3). What is the greatest common factor of 10 and h?
2
Suppose 0 = 199*y - 201*y + 30. What is the highest common divisor of 55 and y?
5
Let o = 88 - 48. Let l = o + -67. Let d be (-519)/l - 2/9. Calculate the greatest common factor of 209 and d.
19
Suppose r - 5*f = -13, 2*r + 3*r - 3*f = 1. Suppose 28 = 2*s - t, -r*s - t + 14 = -6. What is the greatest common divisor of s and 120?
12
Let z be (2 - 0) + (-42)/(-3). Let m be ((-24)/14)/((z/(-42))/8). Calculate the greatest common divisor of m and 90.
18
Suppose 2609 = 41*h - 3295. What is the greatest common factor of h and 216?
72
Let u(o) = o + 8. Let p be (4/(-6))/(22/99). Let t be u(p). What is the greatest common factor of 5 and t?
5
Let p be ((-224)/3)/((-2)/6). Let f = -1630 - -1658. Calculate the highest common factor of f and p.
28
Let k = -50 + 73. Let d = k + -17. Calculate the highest common factor of 48 and d.
6
Let m be 3/(-6) - 86/(-4). Suppose 0 = -5*u + 5*a + 65, 2*u = u - 4*a + 18. What is the greatest common factor of m and u?
7
Suppose -3*b + 27 + 99 = 0. Suppose b = f + 5*f. Calculate the greatest common factor of 7 and f.
7
Suppose 64 - 7 = v. Calculate the greatest common factor of v and 19.
19
Let f = 28 + -28. Suppose -5*r - 2*h + 19 = f, -5*h + 31 = 5*r - 7*h. What is the greatest common factor of r and 50?
5
Let p = -4 - -128. Calculate the highe